f**5/20 - f**3/6 - f**2/2 + 8*f + 30. What is b(3)?
23
Let a(h) be the first derivative of -h**4/12 - 7*h**3/6 + h**2/2 - 47*h - 47. Let o(p) be the first derivative of a(p). Calculate o(-5).
11
Let g(l) = 35*l**2 + 16*l + 34. Let j(h) = 41*h**2 + 15*h + 34. Let m(a) = 7*g(a) - 6*j(a). Determine m(23).
11
Let x(y) = -178500 - 2*y + 6*y + 178492. Give x(-2).
-16
Let m(c) = c + 5. Suppose -14 = 2*i - 9*i. Suppose y = -4*s - 35, -2*s = 3*y - i + 17. Give m(s).
-4
Let p(o) be the first derivative of o**3/3 - 9*o**2/2 - 9*o + 758. Calculate p(9).
-9
Suppose 37 = 2*n - l + 12, 3*n - l - 37 = 0. Let t(q) = 4*q. Let z(c) = -2*c + 1. Let i(u) = -3*t(u) - 7*z(u). Give i(n).
17
Let o(x) = 12*x + 18. Let j(s) = 19*s + 28. Let y(d) = -5*j(d) + 8*o(d). Suppose 0 = r - 2*m + m - 4, -r = 2*m + 8. Determine y(r).
4
Let h(f) = 9*f. Let j(q) = 2*q**2 + 14*q - 81. Let s be j(11). Let o be (s/(-285) - (-2)/19) + 0. Give h(o).
-9
Suppose w - 2*t = 12, w - 5*w + 36 = -2*t. Suppose 0 = -2*b - 24 + w. Let y(p) = -p**2 - 8*p + 9. What is y(b)?
9
Let d(z) be the second derivative of 5/6*z**3 + 0*z**2 - 1 - 55*z. What is d(-2)?
-10
Let w(t) = t + 8. Let l(r) = -r**2 - 15*r + 32. Let j be l(2). What is w(j)?
6
Let l(g) be the third derivative of 1/24*g**4 + 1/3*g**3 - 2*g**2 + 0*g + 21. Let s(a) = -2*a**2 - a. Let n be s(-2). Calculate l(n).
-4
Let h(j) = 3*j**3 + 1 + 295*j - 2*j**3 + 296*j - 587*j. What is h(0)?
1
Let v(m) = -m**3 - 12*m**2 + 46*m + 15. Let b be v(-15). Let k be (b + 2)*((-39)/6)/13. Let t(p) = 3*p**2 - p - 1. Determine t(k).
3
Let s(y) be the third derivative of -y**5/60 + 5*y**4/8 - 38*y**3/3 + 9583*y**2. Calculate s(9).
-22
Let h(m) = m**3 + 7*m**2 + 5*m + 1. Let n(s) = -s - 7. Let y be n(-7). Let q be (y - 68)*(-1)/2. Suppose 0*i - q = 5*o - 2*i, 2*i + 14 = -3*o. Calculate h(o).
7
Let f(q) be the first derivative of 2*q**3 + 1/4*q**4 - 205 - 11/2*q**2 - 7*q. Determine f(-7).
21
Let l(b) = -4*b**2 + 3*b - 2. Suppose -m = -4*q - 1265, -5*m - 920 = 5*q - 2*q. Let d = 316 + q. Give l(d).
-3
Let w(c) = -c**2 - 1. Let k(d) = -2*d**2 + 24*d + 1. Let r be k(12). Let x(v) = -3*v**2 + v - 6. Let i(n) = r*x(n) - 6*w(n). Let p be (-8)/6*3/2. What is i(p)?
10
Let c(v) = -v**3 + 9*v**2 + 3*v - 30. Suppose -36 = -23*s + 19*s. Let j be c(s). Let f(x) = x**3 + 4*x**2 + 2*x + 3. What is f(j)?
6
Let v(s) = 11*s + 231. Let r(w) = -4*w - 87. Let h(x) = -8*r(x) - 3*v(x). Give h(12).
-9
Suppose -3*j + 9*p = 4*p + 31, 17 = 4*j + 5*p. Let x(i) be the first derivative of -1/3*i**3 + 15 + 1/2*i**2 + 0*i. Determine x(j).
-6
Let f(k) = k - 53. Suppose 4*m - 2*x - 98 = 0, 4*x = -3*m + 688 - 587. Give f(m).
-26
Let o = 54 + -55. Let s be (-2)/(0 + o) - -3. Let j(q) = -206 + 206 - s*q. Determine j(3).
-15
Suppose 2*v - 6 = -0*v. Let q = -3 - v. Let o(w) = -5*w**2 + 24*w + 15. Let i(s) = 2*s**2 - 8*s - 5. Let g(t) = 8*i(t) + 3*o(t). What is g(q)?
-7
Let t(j) = -j**2 - 9*j + 8. Let y(x) = -26*x**2 + 3 + 3*x + 83*x**2 - 30*x**2 - 29*x**2 - x**3. Let b = 1 + 1. Let n be y(b). Determine t(n).
22
Let m(b) = -3*b**3 + 10*b**2 - 5*b + 3. Suppose -2*r + 3 = -n - 2, -r - 4*n = -7. Let o be m(r). Let j(u) = -2*u - 10. Calculate j(o).
-4
Let h(k) = -24*k**3 - 386*k**2 - 30*k. Let c be h(-16). Let w(o) = -o**2 - 39*o - 221. Determine w(c).
3
Let w(u) = -u - 2. Let i be w(2). Let l(y) = -y + 7. Let o be l(i). Suppose -a = -16 + o. Let x(v) = v**2 - 3*v - 5. Determine x(a).
5
Let k(c) = -4*c - 17. Let d(g) = -5*g - 21. Let m(j) = 5*d(j) - 6*k(j). Suppose 4*a + 5*t = -17, -t + 3 + 2 = -2*a. Determine m(a).
0
Let g(m) = -2*m - 1. Let b(u) = 4*u + 0*u + 4*u - u - 2*u. Let k(w) = b(w) + 4*g(w). Give k(-6).
14
Let u(v) = v - 20. Let a be u(20). Let b(w) = -5 + a - 2*w + 6. Suppose -2*j = 2*m - 3*j + 7, -2*j = -2*m - 12. What is b(m)?
3
Let n(b) = 2*b**3 + 6*b**2 - 3*b - 8. Let a be -1*(15/(-4))/((-51)/68). What is n(a)?
-93
Let p(y) = -y**3 - 7*y**2 + 4*y + 9. Let x(i) = 5*i + 57. Let o be x(-12). Let f be 1/(((-10)/(-140))/(o/6)). Give p(f).
-19
Let d(m) = -7*m**3 - 8*m**2 + 65. Let g(b) = -3*b**3 - 3*b**2 + 29. Let q(p) = 4*d(p) - 9*g(p). Determine q(-5).
-1
Let x(b) = 6 - 8 - 6*b - 4 + b**2. Let l = -6679 - -6686. Give x(l).
1
Let o(y) = y**2 - 9*y + 3. Let d be o(8). Suppose 0 = 154*z - 153*z - 4. Let h(c) = 5*c**2 + 12 - 19 + 5 - z*c**2 + 5*c. Calculate h(d).
-2
Let c be 630/(-160) - (-20)/(-320). Let r(y) = -25*y - 94. What is r(c)?
6
Let j(i) = 4*i + 83. Let d be j(-20). Let b be ((-6)/4)/(36/(-48)). Let f(r) = b + 2*r + 3*r + 2*r + r. Calculate f(d).
26
Let x(t) = 2*t**3 - 16*t**2 + 9*t + 4. Let d = 11885 - 11878. What is x(d)?
-31
Suppose 17*h - 63 = 121 + 20. Let p(z) = z**3 - 12*z**2 + 2*z - 4. Determine p(h).
20
Let t(j) = 408*j - 11420. Let y be t(28). Let s(z) = -4*z**3 - 19*z**2 - 4*z - 9. Let g(f) = f**3 + 6*f**2 + f + 3. Let q(o) = 7*g(o) + 2*s(o). Give q(y).
-1
Let b(a) = a**2 - 9*a + 5. Suppose -2*v = -5*h + 10, h - 4*v + 6*v - 2 = 0. Suppose 0 = 2*i - 2*r - 24, 4*r - 10 + 40 = h*i. What is b(i)?
5
Suppose 5*b + 21 + 66 = -3*x, 3*x - 33 = 3*b. Let r be (-123)/b - (-32)/40. Let h(g) = -9*g**3 + 19*g**3 - r*g**3. Calculate h(0).
0
Suppose -2*q + 4*v = -32, -2*q + v - 3*v = -8. Let y be (-1 - -2)/5 - (-132)/165. Let w(x) = 6*x + y - 4*x - 3*x + 5. Give w(q).
-2
Let q(s) = 2*s**2 + 7*s - 8. Let n be -4 + (-7 - (-77)/7). Suppose n = 16*f + 26 + 70. What is q(f)?
22
Let w(n) be the third derivative of n**5/20 + n**4/6 - 655*n**2. Give w(2).
20
Let o(v) = -21*v - 5. Let i(n) be the second derivative of -5*n**3/6 - n**2 - n - 62. Let y(x) = 9*i(x) - 2*o(x). What is y(-5)?
7
Let s(o) = o**3 - 6*o**2 + 6*o - 5. Let p be s(5). Suppose -9*f + 7*f + 6 = p. Let k = f - -3. Let c(w) = -w**3 + 6*w**2 + 3. Give c(k).
3
Let d = 259 + -143. Let l(k) = 0*k**3 + 9*k - 2 - 122*k**2 + 228*k**2 - d*k**2 + k**3. Determine l(9).
-2
Let i be -1*1/5 - 729/(-45). Let a = i + -14. Let r be (19 - 16) + (-1 - (0 - a)). Let h(n) = n**2 - 2. Calculate h(r).
14
Let c(t) be the second derivative of -t**5/20 - 7*t**4/12 - 7*t**3/6 + t**2/2 + 150*t. Let b = -9 - -3. Calculate c(b).
7
Let m(b) = -32*b**3 + b. Suppose 160*f = 156*f + 12. Suppose -t + 5 = -2*z, 0 = f*t + 2*t - z - 7. Calculate m(t).
-31
Let x(o) = -21*o**3 - 42*o**2 - 44*o - 113. Let s(v) = 17*v**3 + 41*v**2 + 43*v + 112. Let w(b) = -5*s(b) - 4*x(b). Calculate w(-36).
0
Let h(t) = 3*t + 68. Let b be (716 + -3)/(-23) + (8 - -1). What is h(b)?
2
Let m be -5 - (-5 + (-23)/(-4))*-44. Let n(v) = -v**3 + 31*v**2 - 84*v + 22. Determine n(m).
22
Let o(c) be the second derivative of -23*c + 0 + 1/20*c**5 - 2*c**3 + 11/2*c**2 + c**4. Determine o(-13).
-2
Let t(p) = 15*p + 20. Let g be ((-336)/36)/(4/(-3)) + 5 + -5. Give t(g).
125
Let w(n) = 29*n + 2. Suppose 13 = 44*p + 9 - 40. Give w(p).
31
Let d(i) = -2*i**2 + 35*i - 11. Let c = -1733 + 1750. Give d(c).
6
Let l(s) = -2*s + 1. Let r(q) = q**3 - 13*q**2 - 2*q + 22. Let w be 5/(15/18)*2/4. Suppose -m - w*m - 5*y + 77 = 0, -2*m + 6 = -4*y. Let x be r(m). Give l(x).
9
Let h = -17402 + 17411. Let g(s) = -s**3 + 9*s**2 - 3*s + 27. What is g(h)?
0
Suppose 7 = -2*y - 5*q, -2 = -2*y + 5*q + 21. Let z(j) be the first derivative of 56 - 1/4*j**4 + 4/3*j**3 + j + j**2. What is z(y)?
9
Let m(o) be the second derivative of 0*o**3 - 9 + 3*o + 0*o**4 + 1/20*o**5 + 9/2*o**2. Determine m(0).
9
Let h(c) = -2*c**3 + 4*c**2 + 5*c - 7. Let i be (119 - 119)/((-7)/(-1)). What is h(i)?
-7
Let m(i) = -2*i + 1. Let r(o) = o**3 - 5*o**2 + 7. Let w be r(4). Let t = w - -12. Suppose -4*x + a = -4, -t*x - 2*a + 3 = -0*a. What is m(x)?
-1
Suppose -3*g - 24 = -3*r, -2*r - 4*g - 2 = -r. Suppose 18*k = 23*k - 15. Let f(t) = -71*t + 76*t - t**2 + 2 - k. Give f(r).
-7
Let k(y) = y**2 + y + 5. Let o(p) = -4*p**2 + 13*p - 2. Let r(u) = -2*k(u) - o(u). Determine r(7).
-15
Let h(o) be the second derivative of -o**3 + 33*o**2 - 551*o + 1. Calculate h(12).
-6
Let p = 159 + -93. Let t be (-59)/(-2)*(-9 + 7). Let w = p + t. Let m(y) = -y + 7. Determine m(w).
0
Let b(p) = p**3 - 8*p**2 + 6*p - 10. Let g = 107 - 245. Let j = -138 - g. Let w be (-1 + -5)/(-1) + (1 - j). What is b(w)?
-17
Let u(a) = 11*a + 7. Let v(h) be the second derivative of 4*h**3 + 15*h**2/2 + 83*h. Let m(b) = -9*u(b) + 4*v(b). Let l(x) = -x + 8. Let f be l(10). Give m(f).
3
Let m = 25